
7, 113, 1747
List the prime factors of 426411.
3, 17, 929
List the prime factors of 701451.
3, 59, 1321
What are the prime factors of 48036?
2, 3, 4003
What are the prime factors of 11723420?
2, 5, 97, 6043
What are the prime factors of 3821682?
2, 3, 636947
What are the prime factors of 1247508?
2, 3, 11551
List the prime factors of 379028.
2, 13, 37, 197
What are the prime factors of 3626336?
2, 7, 16189
What are the prime factors of 538280?
2, 5, 13457
List the prime factors of 31424.
2, 491
List the prime factors of 200410.
2, 5, 7, 409
List the prime factors of 14343457.
37, 107, 3623
List the prime factors of 899106.
2, 3, 13, 11527
What are the prime factors of 159330?
2, 3, 5, 47, 113
List the prime factors of 31786.
2, 23, 691
List the prime factors of 9800656.
2, 19, 103, 313
What are the prime factors of 19186790?
2, 5, 7, 67, 4091
What are the prime factors of 702420?
2, 3, 5, 23, 509
List the prime factors of 5985926.
2, 53, 149, 379
What are the prime factors of 2625479?
613, 4283
List the prime factors of 115569.
3, 12841
List the prime factors of 1901776.
2, 118861
What are the prime factors of 1462753?
19, 167, 461
What are the prime factors of 1088857?
7, 11, 79, 179
List the prime factors of 2112778.
2, 67, 15767
What are the prime factors of 3625953?
3, 1208651
What are the prime factors of 100956?
2, 3, 47, 179
What are the prime factors of 1115960?
2, 5, 23, 1213
What are the prime factors of 29976004?
2, 7494001
List the prime factors of 220198.
2, 11, 10009
What are the prime factors of 9786373?
17, 575669
List the prime factors of 6325073.
53, 131, 911
List the prime factors of 1406592.
2, 3, 11, 37
What are the prime factors of 1143372?
2, 3, 151, 631
What are the prime factors of 1606526?
2, 19, 67, 631
What are the prime factors of 134785?
5, 7, 3851
What are the prime factors of 18879051?
3, 6293017
What are the prime factors of 2350294?
2, 43, 27329
List the prime factors of 1140.
2, 3, 5, 19
What are the prime factors of 2734261?
113, 24197
What are the prime factors of 417980?
2, 5, 20899
What are the prime factors of 302735?
5, 191, 317
What are the prime factors of 52076?
2, 47, 277
What are the prime factors of 7020050?
2, 5, 140401
What are the prime factors of 95380?
2, 5, 19, 251
List the prime factors of 38034.
2, 3, 2113
What are the prime factors of 639334?
2, 29, 73, 151
List the prime factors of 2227003.
2227003
What are the prime factors of 5344100?
2, 5, 53441
List the prime factors of 2779067.
23, 120829
What are the prime factors of 154176?
2, 3, 11, 73
What are the prime factors of 5900657?
7, 842951
What are the prime factors of 353789?
41, 8629
List the prime factors of 2787842.
2, 1393921
What are the prime factors of 326575?
5, 13063
What are the prime factors of 8674546?
2, 4337273
What are the prime factors of 147975?
3, 5, 1973
List the prime factors of 355892.
2, 193, 461
What are the prime factors of 196826?
2, 7, 17, 827
What are the prime factors of 77158?
2, 173, 223
List the prime factors of 1403343.
3, 241, 647
List the prime factors of 1219611.
3, 73, 5569
What are the prime factors of 19159?
7, 17, 23
List the prime factors of 791540.
2, 5, 19, 2083
What are the prime factors of 851913?
3, 103, 919
List the prime factors of 205395.
3, 5, 13693
List the prime factors of 6410609.
6410609
List the prime factors of 1446329.
67, 21587
List the prime factors of 2777542.
2, 43, 32297
What are the prime factors of 473660?
2, 5, 11, 2153
What are the prime factors of 235045?
5, 29, 1621
List the prime factors of 2251552.
2, 71, 991
List the prime factors of 126795.
3, 5, 79, 107
List the prime factors of 2202478.
2, 281, 3919
List the prime factors of 411114.
2, 3, 11, 6229
What are the prime factors of 50630?
2, 5, 61, 83
List the prime factors of 109753.
7, 15679
List the prime factors of 5702330.
2, 5, 570233
What are the prime factors of 22820627?
3023, 7549
What are the prime factors of 1748116?
2, 103, 4243
List the prime factors of 3940568.
2, 109, 4519
What are the prime factors of 475065?
3, 5, 17, 23
What are the prime factors of 548562?
2, 3, 7, 37, 353
What are the prime factors of 5591949?
3, 11, 41, 4133
What are the prime factors of 213744?
2, 3, 61, 73
What are the prime factors of 1964554?
2, 17, 57781
List the prime factors of 4759309.
4759309
What are the prime factors of 467253?
3, 193, 269
What are the prime factors of 10061854?
2, 11, 37, 47, 263
List the prime factors of 6702866.
2, 947, 3539
What are the prime factors of 499922?
2, 181, 1381
List the prime factors of 1896007.
1061, 1787
What are the prime factors of 120936?
2, 3, 5039
What are the prime factors of 14989024?
2, 19, 89, 277
List the prime factors of 1983161.
653, 3037
List the prime factors of 2509761.
3, 17, 49211
List the prime factors of 2044269.
3, 197, 1153
List the prime factors of 1852869.
3, 431, 1433
List the prime factors of 119353.
13, 9181
List the prime factors of 1165607.
71, 16417
List the prime factors of 1060931.
47, 22573
List the prime factors of 28819454.
2, 17, 389, 2179
List the prime factors of 4808235.
3, 5, 19, 16871
List the prime factors of 526927.
19, 27733
List the prime factors of 110944.
2, 3467
List the prime factors of 55083.
3, 7, 43, 61
What are the prime factors of 172816?
2, 7, 1543
List the prime factors of 8762123.
17, 107, 4817
What are the prime factors of 15710898?
2, 3, 7, 374069
List the prime factors of 890648.
2, 11, 29, 349
What are the prime factors of 92453?
59, 1567
What are the prime factors of 2013006?
2, 3, 23, 29, 503
List the prime factors of 212936.
2, 43, 619
List the prime factors of 1618694.
2, 7, 11, 23, 457
What are the prime factors of 4913464?
2, 614183
List the prime factors of 7622078.
2, 19, 79, 2539
What are the prime factors of 2208413?
2208413
What are the prime factors of 313871?
17, 37, 499
List the prime factors of 207025.
5, 7, 13
List the prime factors of 617658.
2, 3, 113, 911
What are the prime factors of 1339534?
2, 7, 163, 587
What are the prime factors of 180587?
11, 16417
What are the prime factors of 1376378?
2, 139, 4951
List the prime factors of 2405620.
2, 5, 7, 17183
List the prime factors of 4900659.
3, 1633553
What are the prime factors of 1096333?
7, 156619
What are the prime factors of 31714?
2, 101, 157
List the prime factors of 52293.
3, 17431
List the prime factors of 12572485.
5, 503, 4999
What are the prime factors of 3331043?
31, 107453
List the prime factors of 46202.
2, 13, 1777
What are the prime factors of 115403?
37, 3119
What are the prime factors of 606616?
2, 191, 397
List the prime factors of 248835.
3, 5, 53, 313
List the prime factors of 260023.
260023
What are the prime factors of 29257272?
2, 3, 11, 17, 41, 53
List the prime factors of 1226566.
2, 11, 127, 439
What are the prime factors of 17415515?
5, 13, 29, 9239
What are the prime factors of 23941?
89, 269
What are the prime factors of 746495?
5, 173, 863
What are the prime factors of 1177683?
3, 13, 30197
List the prime factors of 269232.
2, 3, 71, 79
What are the prime factors of 1694348?
2, 423587
What are the prime factors of 17183136?
2, 3, 71, 2521
List the prime factors of 653353.
19, 137, 251
What are the prime factors of 12301377?
3, 11, 372769
List the prime factors of 5928209.
7, 19, 29, 53
List the prime factors of 22525.
5, 17, 53
What are the prime factors of 22185818?
2, 11092909
What are the prime factors of 134062?
2, 17, 3943
List the prime factors of 17803.
19, 937
What are the prime factors of 1682527?
7, 11, 21851
List the prime factors of 434172.
2, 3, 97, 373
List the prime factors of 250627.
13, 1483
What are the prime factors of 91408?
2, 29, 197
What are the prime factors of 93097?
93097
List the prime factors of 5386791.
3, 997, 1801
What are the prime factors of 295168?
2, 1153
What are the prime factors of 597508?
2, 149377
What are the prime factors of 189868?
2, 7, 6781
List the prime factors of 570361.
11, 19, 2729
What are the prime factors of 22473824?
2, 191, 3677
List the prime factors of 17234292.
2, 3, 19, 269, 281
List the prime factors of 409914.
2, 3, 7591
What are the prime factors of 2877032?
2, 29, 12401
What are the prime factors of 901414?
2, 450707
List the prime factors of 9655351.
47, 205